{"id":82,"date":"2022-05-14T02:33:45","date_gmt":"2022-05-14T00:33:45","guid":{"rendered":"https:\/\/www.edwinlegris.fr\/?page_id=82"},"modified":"2022-06-14T16:52:46","modified_gmt":"2022-06-14T20:52:46","slug":"nos-propositions","status":"publish","type":"page","link":"https:\/\/www.edwinlegris.fr\/?page_id=82","title":{"rendered":"Nos propositions"},"content":{"rendered":"\n<div class=\"wp-block-query is-layout-flow wp-block-query-is-layout-flow\"><ul class=\"wp-block-post-template is-layout-flow wp-block-post-template-is-layout-flow\"><li class=\"wp-block-post post-397 post type-post status-publish format-standard has-post-thumbnail hentry category-carnet-de-campagne category-nos-propositions\">\n\n<h2 class=\"wp-block-heading\">Nos documents de campagne en t\u00e9l\u00e9chargement libre :<\/h2>\n\n\n\n<figure class=\"wp-block-image size-large is-resized\"><a href=\"http:\/\/www.edwinlegris.fr\/wp-content\/uploads\/2022\/06\/EDWIN-Bulletin-de-vote-NEW-PRINT-DEF.pdf\" target=\"_blank\" rel=\"noreferrer noopener\"><img loading=\"lazy\" decoding=\"async\" src=\"http:\/\/www.edwinlegris.fr\/wp-content\/uploads\/2022\/06\/Capture-de\u0301cran-2022-06-14-a\u0300-22.50.34-1024x739.png\" alt=\"\" class=\"wp-image-427\" width=\"256\" height=\"185\" srcset=\"https:\/\/www.edwinlegris.fr\/wp-content\/uploads\/2022\/06\/Capture-de\u0301cran-2022-06-14-a\u0300-22.50.34-1024x739.png 1024w, https:\/\/www.edwinlegris.fr\/wp-content\/uploads\/2022\/06\/Capture-de\u0301cran-2022-06-14-a\u0300-22.50.34-300x216.png 300w, https:\/\/www.edwinlegris.fr\/wp-content\/uploads\/2022\/06\/Capture-de\u0301cran-2022-06-14-a\u0300-22.50.34-768x554.png 768w, https:\/\/www.edwinlegris.fr\/wp-content\/uploads\/2022\/06\/Capture-de\u0301cran-2022-06-14-a\u0300-22.50.34-1536x1108.png 1536w, https:\/\/www.edwinlegris.fr\/wp-content\/uploads\/2022\/06\/Capture-de\u0301cran-2022-06-14-a\u0300-22.50.34.png 1658w\" sizes=\"auto, (max-width: 256px) 100vw, 256px\" \/><\/a><figcaption>Notre <strong>bulletin de vote<\/strong> <em>(cliquez sur l&rsquo;image pour ouvrir le PDF)<\/em><\/figcaption><\/figure>\n\n\n\n<ul class=\"wp-block-list\"><li><a href=\"http:\/\/www.edwinlegris.fr\/wp-content\/uploads\/2022\/06\/Edwin-PF-2TOUR-PRINT-DEF.pdf\" target=\"_blank\" rel=\"noreferrer noopener\">Profession de foi<\/a><\/li><li><a href=\"http:\/\/www.edwinlegris.fr\/wp-content\/uploads\/2022\/06\/Edwin-A5-Merci-PRINT-2mm.pdf\" target=\"_blank\" rel=\"noreferrer noopener\">Tract de second tour<\/a><\/li><\/ul>\n\n\n\n<h2 class=\"wp-block-heading\">Le programme de gouvernement de coalition de la NUPES :<\/h2>\n\n\n\n<ul class=\"wp-block-list\"><li><a href=\"https:\/\/www.edwinlegris.fr\/?page_id=250\">Un programme partag\u00e9 de gouvernement\u200b<\/a><\/li><li><a href=\"https:\/\/www.edwinlegris.fr\/?page_id=252\" target=\"_blank\" rel=\"noreferrer noopener\">Chapitre 1 : Progr\u00e8s social, emplois et retraites<\/a><\/li><li><a href=\"https:\/\/www.edwinlegris.fr\/?page_id=254\" target=\"_blank\" rel=\"noreferrer noopener\">Chapitre 2 : \u00c9cologie, biodiversit\u00e9, climat, biens communs et \u00e9nergie<\/a><\/li><li><a href=\"https:\/\/www.edwinlegris.fr\/?page_id=256\" target=\"_blank\" rel=\"noreferrer noopener\">Chapitre 3 : Partage des richesses et justice fiscale<\/a><\/li><li><a href=\"https:\/\/www.edwinlegris.fr\/?page_id=258\" target=\"_blank\" rel=\"noreferrer noopener\">Chapitre 4 : Services publics : sant\u00e9, \u00e9ducation, culture, sport<\/a><\/li><li><a href=\"https:\/\/www.edwinlegris.fr\/?page_id=260\" target=\"_blank\" rel=\"noreferrer noopener\">Chapitre 5 : 6e&nbsp;R\u00e9publique et d\u00e9mocratie<\/a><\/li><li><a href=\"https:\/\/www.edwinlegris.fr\/?page_id=262\" target=\"_blank\" rel=\"noreferrer noopener\">Chapitre 6 : S\u00fbret\u00e9 et justice<\/a><\/li><li><a href=\"https:\/\/www.edwinlegris.fr\/?page_id=264\" target=\"_blank\" rel=\"noreferrer noopener\">Chapitre 7 : \u00c9galit\u00e9 et lutte contre les discriminations<\/a><\/li><li><a href=\"https:\/\/www.edwinlegris.fr\/?page_id=266\" target=\"_blank\" rel=\"noreferrer noopener\">Chapitre 8 : Union europ\u00e9enne et international<\/a><\/li><\/ul>\n\n\n\n<pre class=\"wp-block-preformatted\">La Nouvelle Union populaire \u00e9cologique et sociale propose des candidatures communes dans chaque circonscription autour d\u2019un programme partag\u00e9 pour gouverner la France.<\/pre>\n\n\n\n<figure class=\"wp-block-image size-large\"><img loading=\"lazy\" decoding=\"async\" width=\"1024\" height=\"208\" src=\"https:\/\/www.edwinlegris.fr\/wp-content\/uploads\/2022\/05\/LOGO-2-LIGNES-1024x208.png\" alt=\"\" class=\"wp-image-269\" srcset=\"https:\/\/www.edwinlegris.fr\/wp-content\/uploads\/2022\/05\/LOGO-2-LIGNES-1024x208.png 1024w, https:\/\/www.edwinlegris.fr\/wp-content\/uploads\/2022\/05\/LOGO-2-LIGNES-300x61.png 300w, https:\/\/www.edwinlegris.fr\/wp-content\/uploads\/2022\/05\/LOGO-2-LIGNES-768x156.png 768w, https:\/\/www.edwinlegris.fr\/wp-content\/uploads\/2022\/05\/LOGO-2-LIGNES.png 1422w\" sizes=\"auto, (max-width: 1024px) 100vw, 1024px\" \/><\/figure>\n\n\n\n<hr class=\"wp-block-separator has-css-opacity\"\/>\n\n\n<div class=\"wp-block-post-date\"><time datetime=\"2022-06-09T14:33:07-04:00\">9 juin 2022<\/time><\/div>\n<\/li><li class=\"wp-block-post post-393 post type-post status-publish format-standard has-post-thumbnail hentry category-carnet-de-campagne category-nos-propositions\">\n\n<h2 class=\"wp-block-heading\">Nos documents de campagne en t\u00e9l\u00e9chargement libre :<\/h2>\n\n\n\n<figure class=\"wp-block-image size-large is-resized\"><a href=\"http:\/\/www.edwinlegris.fr\/wp-content\/uploads\/2022\/06\/EDWIN-Bulletin-de-vote-NEW-PRINT-DEF.pdf\" target=\"_blank\" rel=\"noreferrer noopener\"><img loading=\"lazy\" decoding=\"async\" src=\"http:\/\/www.edwinlegris.fr\/wp-content\/uploads\/2022\/06\/Capture-de\u0301cran-2022-06-14-a\u0300-22.50.34-1024x739.png\" alt=\"\" class=\"wp-image-427\" width=\"256\" height=\"185\" srcset=\"https:\/\/www.edwinlegris.fr\/wp-content\/uploads\/2022\/06\/Capture-de\u0301cran-2022-06-14-a\u0300-22.50.34-1024x739.png 1024w, https:\/\/www.edwinlegris.fr\/wp-content\/uploads\/2022\/06\/Capture-de\u0301cran-2022-06-14-a\u0300-22.50.34-300x216.png 300w, https:\/\/www.edwinlegris.fr\/wp-content\/uploads\/2022\/06\/Capture-de\u0301cran-2022-06-14-a\u0300-22.50.34-768x554.png 768w, https:\/\/www.edwinlegris.fr\/wp-content\/uploads\/2022\/06\/Capture-de\u0301cran-2022-06-14-a\u0300-22.50.34-1536x1108.png 1536w, https:\/\/www.edwinlegris.fr\/wp-content\/uploads\/2022\/06\/Capture-de\u0301cran-2022-06-14-a\u0300-22.50.34.png 1658w\" sizes=\"auto, (max-width: 256px) 100vw, 256px\" \/><\/a><figcaption>Notre <strong>bulletin de vote<\/strong> <em>(cliquez sur l&rsquo;image pour ouvrir le PDF)<\/em><\/figcaption><\/figure>\n\n\n\n<ul class=\"wp-block-list\"><li><a href=\"http:\/\/www.edwinlegris.fr\/wp-content\/uploads\/2022\/06\/Edwin-PF-2TOUR-PRINT-DEF.pdf\" target=\"_blank\" rel=\"noreferrer noopener\">Profession de foi<\/a><\/li><li><a href=\"http:\/\/www.edwinlegris.fr\/wp-content\/uploads\/2022\/06\/Edwin-A5-Merci-PRINT-2mm.pdf\" target=\"_blank\" rel=\"noreferrer noopener\">Tract de second tour<\/a><\/li><\/ul>\n\n\n\n<h2 class=\"wp-block-heading\">Le programme de gouvernement de coalition de la NUPES :<\/h2>\n\n\n\n<ul class=\"wp-block-list\"><li><a href=\"https:\/\/www.edwinlegris.fr\/?page_id=250\">Un programme partag\u00e9 de gouvernement\u200b<\/a><\/li><li><a href=\"https:\/\/www.edwinlegris.fr\/?page_id=252\" target=\"_blank\" rel=\"noreferrer noopener\">Chapitre 1 : Progr\u00e8s social, emplois et retraites<\/a><\/li><li><a href=\"https:\/\/www.edwinlegris.fr\/?page_id=254\" target=\"_blank\" rel=\"noreferrer noopener\">Chapitre 2 : \u00c9cologie, biodiversit\u00e9, climat, biens communs et \u00e9nergie<\/a><\/li><li><a href=\"https:\/\/www.edwinlegris.fr\/?page_id=256\" target=\"_blank\" rel=\"noreferrer noopener\">Chapitre 3 : Partage des richesses et justice fiscale<\/a><\/li><li><a href=\"https:\/\/www.edwinlegris.fr\/?page_id=258\" target=\"_blank\" rel=\"noreferrer noopener\">Chapitre 4 : Services publics : sant\u00e9, \u00e9ducation, culture, sport<\/a><\/li><li><a href=\"https:\/\/www.edwinlegris.fr\/?page_id=260\" target=\"_blank\" rel=\"noreferrer noopener\">Chapitre 5 : 6e&nbsp;R\u00e9publique et d\u00e9mocratie<\/a><\/li><li><a href=\"https:\/\/www.edwinlegris.fr\/?page_id=262\" target=\"_blank\" rel=\"noreferrer noopener\">Chapitre 6 : S\u00fbret\u00e9 et justice<\/a><\/li><li><a href=\"https:\/\/www.edwinlegris.fr\/?page_id=264\" target=\"_blank\" rel=\"noreferrer noopener\">Chapitre 7 : \u00c9galit\u00e9 et lutte contre les discriminations<\/a><\/li><li><a href=\"https:\/\/www.edwinlegris.fr\/?page_id=266\" target=\"_blank\" rel=\"noreferrer noopener\">Chapitre 8 : Union europ\u00e9enne et international<\/a><\/li><\/ul>\n\n\n\n<pre class=\"wp-block-preformatted\">La Nouvelle Union populaire \u00e9cologique et sociale propose des candidatures communes dans chaque circonscription autour d\u2019un programme partag\u00e9 pour gouverner la France.<\/pre>\n\n\n\n<figure class=\"wp-block-image size-large\"><img loading=\"lazy\" decoding=\"async\" width=\"1024\" height=\"208\" src=\"https:\/\/www.edwinlegris.fr\/wp-content\/uploads\/2022\/05\/LOGO-2-LIGNES-1024x208.png\" alt=\"\" class=\"wp-image-269\" srcset=\"https:\/\/www.edwinlegris.fr\/wp-content\/uploads\/2022\/05\/LOGO-2-LIGNES-1024x208.png 1024w, https:\/\/www.edwinlegris.fr\/wp-content\/uploads\/2022\/05\/LOGO-2-LIGNES-300x61.png 300w, https:\/\/www.edwinlegris.fr\/wp-content\/uploads\/2022\/05\/LOGO-2-LIGNES-768x156.png 768w, https:\/\/www.edwinlegris.fr\/wp-content\/uploads\/2022\/05\/LOGO-2-LIGNES.png 1422w\" sizes=\"auto, (max-width: 1024px) 100vw, 1024px\" \/><\/figure>\n\n\n\n<hr class=\"wp-block-separator has-css-opacity\"\/>\n\n\n<div class=\"wp-block-post-date\"><time datetime=\"2022-06-09T08:18:29-04:00\">9 juin 2022<\/time><\/div>\n<\/li><li class=\"wp-block-post post-102 post type-post status-publish format-standard has-post-thumbnail hentry category-nos-propositions\">\n\n<h2 class=\"wp-block-heading\">Nos documents de campagne en t\u00e9l\u00e9chargement libre :<\/h2>\n\n\n\n<figure class=\"wp-block-image size-large is-resized\"><a href=\"http:\/\/www.edwinlegris.fr\/wp-content\/uploads\/2022\/06\/EDWIN-Bulletin-de-vote-NEW-PRINT-DEF.pdf\" target=\"_blank\" rel=\"noreferrer noopener\"><img loading=\"lazy\" decoding=\"async\" src=\"http:\/\/www.edwinlegris.fr\/wp-content\/uploads\/2022\/06\/Capture-de\u0301cran-2022-06-14-a\u0300-22.50.34-1024x739.png\" alt=\"\" class=\"wp-image-427\" width=\"256\" height=\"185\" srcset=\"https:\/\/www.edwinlegris.fr\/wp-content\/uploads\/2022\/06\/Capture-de\u0301cran-2022-06-14-a\u0300-22.50.34-1024x739.png 1024w, https:\/\/www.edwinlegris.fr\/wp-content\/uploads\/2022\/06\/Capture-de\u0301cran-2022-06-14-a\u0300-22.50.34-300x216.png 300w, https:\/\/www.edwinlegris.fr\/wp-content\/uploads\/2022\/06\/Capture-de\u0301cran-2022-06-14-a\u0300-22.50.34-768x554.png 768w, https:\/\/www.edwinlegris.fr\/wp-content\/uploads\/2022\/06\/Capture-de\u0301cran-2022-06-14-a\u0300-22.50.34-1536x1108.png 1536w, https:\/\/www.edwinlegris.fr\/wp-content\/uploads\/2022\/06\/Capture-de\u0301cran-2022-06-14-a\u0300-22.50.34.png 1658w\" sizes=\"auto, (max-width: 256px) 100vw, 256px\" \/><\/a><figcaption>Notre <strong>bulletin de vote<\/strong> <em>(cliquez sur l&rsquo;image pour ouvrir le PDF)<\/em><\/figcaption><\/figure>\n\n\n\n<ul class=\"wp-block-list\"><li><a href=\"http:\/\/www.edwinlegris.fr\/wp-content\/uploads\/2022\/06\/Edwin-PF-2TOUR-PRINT-DEF.pdf\" target=\"_blank\" rel=\"noreferrer noopener\">Profession de foi<\/a><\/li><li><a href=\"http:\/\/www.edwinlegris.fr\/wp-content\/uploads\/2022\/06\/Edwin-A5-Merci-PRINT-2mm.pdf\" target=\"_blank\" rel=\"noreferrer noopener\">Tract de second tour<\/a><\/li><\/ul>\n\n\n\n<h2 class=\"wp-block-heading\">Le programme de gouvernement de coalition de la NUPES :<\/h2>\n\n\n\n<ul class=\"wp-block-list\"><li><a href=\"https:\/\/www.edwinlegris.fr\/?page_id=250\">Un programme partag\u00e9 de gouvernement\u200b<\/a><\/li><li><a href=\"https:\/\/www.edwinlegris.fr\/?page_id=252\" target=\"_blank\" rel=\"noreferrer noopener\">Chapitre 1 : Progr\u00e8s social, emplois et retraites<\/a><\/li><li><a href=\"https:\/\/www.edwinlegris.fr\/?page_id=254\" target=\"_blank\" rel=\"noreferrer noopener\">Chapitre 2 : \u00c9cologie, biodiversit\u00e9, climat, biens communs et \u00e9nergie<\/a><\/li><li><a href=\"https:\/\/www.edwinlegris.fr\/?page_id=256\" target=\"_blank\" rel=\"noreferrer noopener\">Chapitre 3 : Partage des richesses et justice fiscale<\/a><\/li><li><a href=\"https:\/\/www.edwinlegris.fr\/?page_id=258\" target=\"_blank\" rel=\"noreferrer noopener\">Chapitre 4 : Services publics : sant\u00e9, \u00e9ducation, culture, sport<\/a><\/li><li><a href=\"https:\/\/www.edwinlegris.fr\/?page_id=260\" target=\"_blank\" rel=\"noreferrer noopener\">Chapitre 5 : 6e&nbsp;R\u00e9publique et d\u00e9mocratie<\/a><\/li><li><a href=\"https:\/\/www.edwinlegris.fr\/?page_id=262\" target=\"_blank\" rel=\"noreferrer noopener\">Chapitre 6 : S\u00fbret\u00e9 et justice<\/a><\/li><li><a href=\"https:\/\/www.edwinlegris.fr\/?page_id=264\" target=\"_blank\" rel=\"noreferrer noopener\">Chapitre 7 : \u00c9galit\u00e9 et lutte contre les discriminations<\/a><\/li><li><a href=\"https:\/\/www.edwinlegris.fr\/?page_id=266\" target=\"_blank\" rel=\"noreferrer noopener\">Chapitre 8 : Union europ\u00e9enne et international<\/a><\/li><\/ul>\n\n\n\n<pre class=\"wp-block-preformatted\">La Nouvelle Union populaire \u00e9cologique et sociale propose des candidatures communes dans chaque circonscription autour d\u2019un programme partag\u00e9 pour gouverner la France.<\/pre>\n\n\n\n<figure class=\"wp-block-image size-large\"><img loading=\"lazy\" decoding=\"async\" width=\"1024\" height=\"208\" src=\"https:\/\/www.edwinlegris.fr\/wp-content\/uploads\/2022\/05\/LOGO-2-LIGNES-1024x208.png\" alt=\"\" class=\"wp-image-269\" srcset=\"https:\/\/www.edwinlegris.fr\/wp-content\/uploads\/2022\/05\/LOGO-2-LIGNES-1024x208.png 1024w, https:\/\/www.edwinlegris.fr\/wp-content\/uploads\/2022\/05\/LOGO-2-LIGNES-300x61.png 300w, https:\/\/www.edwinlegris.fr\/wp-content\/uploads\/2022\/05\/LOGO-2-LIGNES-768x156.png 768w, https:\/\/www.edwinlegris.fr\/wp-content\/uploads\/2022\/05\/LOGO-2-LIGNES.png 1422w\" sizes=\"auto, (max-width: 1024px) 100vw, 1024px\" \/><\/figure>\n\n\n\n<hr class=\"wp-block-separator has-css-opacity\"\/>\n\n\n<div class=\"wp-block-post-date\"><time datetime=\"2022-05-14T03:40:47-04:00\">14 mai 2022<\/time><\/div>\n<\/li><\/ul><\/div>\n","protected":false},"excerpt":{"rendered":"","protected":false},"author":2,"featured_media":0,"parent":0,"menu_order":0,"comment_status":"closed","ping_status":"closed","template":"","meta":{"footnotes":""},"class_list":["post-82","page","type-page","status-publish","hentry"],"_links":{"self":[{"href":"https:\/\/www.edwinlegris.fr\/index.php?rest_route=\/wp\/v2\/pages\/82","targetHints":{"allow":["GET"]}}],"collection":[{"href":"https:\/\/www.edwinlegris.fr\/index.php?rest_route=\/wp\/v2\/pages"}],"about":[{"href":"https:\/\/www.edwinlegris.fr\/index.php?rest_route=\/wp\/v2\/types\/page"}],"author":[{"embeddable":true,"href":"https:\/\/www.edwinlegris.fr\/index.php?rest_route=\/wp\/v2\/users\/2"}],"replies":[{"embeddable":true,"href":"https:\/\/www.edwinlegris.fr\/index.php?rest_route=%2Fwp%2Fv2%2Fcomments&post=82"}],"version-history":[{"count":8,"href":"https:\/\/www.edwinlegris.fr\/index.php?rest_route=\/wp\/v2\/pages\/82\/revisions"}],"predecessor-version":[{"id":432,"href":"https:\/\/www.edwinlegris.fr\/index.php?rest_route=\/wp\/v2\/pages\/82\/revisions\/432"}],"wp:attachment":[{"href":"https:\/\/www.edwinlegris.fr\/index.php?rest_route=%2Fwp%2Fv2%2Fmedia&parent=82"}],"curies":[{"name":"wp","href":"https:\/\/api.w.org\/{rel}","templated":true}]}}